False
Does 759 divide 232775548?
False
Is 905 a factor of 5546745?
True
Does 2900 divide 93652600?
True
Is 191193504 a multiple of 152?
True
Is 47 a factor of 1733473364?
True
Is 114 a factor of 2976198?
True
Does 37 divide 646430811?
True
Does 548 divide 4814494552?
True
Is 69286557 a multiple of 213?
True
Is 974984 a multiple of 218?
False
Does 10 divide 89683680?
True
Does 696 divide 276817992?
True
Is 25249165 a multiple of 85?
True
Is 67067290 a multiple of 365?
True
Does 8 divide 764291080?
True
Is 691344900 a multiple of 450?
True
Does 601 divide 86458269?
False
Is 25775060 a multiple of 1849?
True
Is 387908732 a multiple of 6?
False
Is 833 a factor of 3909255672?
True
Is 324246861 a multiple of 1709?
True
Is 3593964 a multiple of 418?
True
Is 2217597849 a multiple of 266?
False
Does 136 divide 38284279?
False
Is 11 a factor of 32238541?
False
Does 24 divide 26885535?
False
Is 32688565 a multiple of 10?
False
Is 12343798 a multiple of 15?
False
Is 11 a factor of 409960905?
False
Is 69 a factor of 164146246?
False
Is 90010257 a multiple of 808?
False
Does 75 divide 226041487?
False
Does 2633 divide 5944044894?
True
Does 966 divide 64687372?
False
Is 145 a factor of 321721623?
False
Does 408 divide 34934592?
True
Is 1702095630 a multiple of 9085?
False
Is 59 a factor of 49433976?
True
Is 1001656896 a multiple of 304?
True
Does 93 divide 53516953?
False
Is 567 a factor of 6223959?
True
Is 406331966 a multiple of 2446?
True
Does 9183 divide 1272464783?
False
Is 22163676 a multiple of 60?
False
Does 17 divide 739334658?
True
Is 4 a factor of 48539505?
False
Does 34 divide 28095220?
True
Is 3619 a factor of 1081252249?
True
Is 135 a factor of 499444245?
True
Is 11170 a factor of 982084001?
False
Is 22 a factor of 26838548?
True
Is 1882162 a multiple of 137?
False
Is 36 a factor of 19331860?
False
Is 376 a factor of 5410446275?
False
Does 67 divide 907029680?
False
Is 688 a factor of 19594258?
False
Is 75 a factor of 850206675?
True
Is 4859695 a multiple of 5?
True
Does 11 divide 14681777?
True
Is 848 a factor of 82702048?
True
Is 145 a factor of 159561709?
False
Is 93811657 a multiple of 4653?
False
Is 38972288 a multiple of 214?
False
Does 218 divide 115615035?
False
Is 15 a factor of 5778409?
False
Is 12307068 a multiple of 801?
False
Does 2004 divide 29364612?
True
Is 24 a factor of 697768480?
False
Does 7 divide 3173730?
True
Is 2 a factor of 2180451?
False
Is 7 a factor of 92290147?
False
Does 17 divide 293315195?
True
Does 40 divide 9838321?
False
Does 349 divide 16896137?
True
Is 56667303 a multiple of 3201?
True
Is 24 a factor of 84742584?
True
Does 101 divide 80513665?
True
Is 3 a factor of 44741520?
True
Is 563 a factor of 59135547?
False
Does 123 divide 278324112?
False
Is 1743193 even?
False
Is 37985000 a multiple of 1000?
True
Does 93 divide 32383117?
False
Is 113 a factor of 33708043?
False
Is 204 a factor of 588178308?
True
Is 3000 a factor of 151836000?
True
Is 16 a factor of 1256348720?
True
Does 1317 divide 759858646?
False
Is 411 a factor of 20121738?
True
Is 4 a factor of 8897464?
True
Does 1563 divide 64254319?
False
Does 1291 divide 71231472?
False
Does 117 divide 1262665872?
True
Is 37 a factor of 56400797?
False
Does 136 divide 1653055766?
False
Is 13 a factor of 125615828?
True
Is 256954336 a multiple of 470?
False
Is 33401736 a multiple of 130?
False
Is 303345056 a multiple of 443?
False
Is 7 a factor of 4992225?
True
Is 370665407 a multiple of 1302?
False
Is 206 a factor of 80333669?
False
Does 1117 divide 250599692?
False
Does 346 divide 72721242?
True
Is 112850848 a multiple of 247?
False
Is 2156868 a multiple of 42?
True
Is 111090729 a multiple of 16855?
False
Is 195 a factor of 43819815?
True
Is 2662300456 a multiple of 29?
True
Is 132 a factor of 351663541?
False
Does 6 divide 219935070?
True
Is 278 a factor of 1538217?
False
Is 27 a factor of 234915174?
True
Is 67345992 a multiple of 2646?
True
Is 111644400 a multiple of 28?
True
Is 186 a factor of 1464686?
False
Is 446535684 a multiple of 3108?
True
Does 84 divide 10753428?
True
Is 820656899 a multiple of 1531?
False
Does 417 divide 136530537?
False
Is 2318 a factor of 66344659?
False
Does 16 divide 578945062?
False
Is 10239253 a multiple of 3?
False
Does 33 divide 70565220?
True
Is 23 a factor of 4540386?
False
Does 638 divide 411790907?
False
Is 47 a factor of 105412446?
True
Is 246915450 a multiple of 30?
True
Is 700975420 a multiple of 19?
False
Is 146 a factor of 29783789?
False
Is 6065774 a multiple of 5?
False
Is 717260430 a multiple of 37?
False
Does 10 divide 46084570?
True
Is 149240 a multiple of 20?
True
Does 27 divide 3094266697?
False
Is 22647870 a multiple of 1610?
True
Is 73 a factor of 39819234?
False
Is 16089234 a multiple of 21?
True
Is 9 a factor of 10759329?
True
Is 3357 a factor of 7808382?
True
Is 204 a factor of 7198565?
False
Is 414 a factor of 24751635?
False
Is 478029722 a multiple of 20?
False
Is 163 a factor of 25156605?
True
Is 41 a factor of 102685568?
False
Is 123388266 a multiple of 303?
True
Is 6707266115 a multiple of 55?
True
Is 30262212 a multiple of 12?
True
Is 16 a factor of 72720272?
True
Does 10 divide 1942248300?
True
Is 5 a factor of 2876785?
True
Is 12 a factor of 25410031?
False
Does 457 divide 80358880?
True
Is 10 a factor of 2727950?
True
Is 8212212 a multiple of 6?
True
Does 47 divide 54454200?
True
Is 832 a factor of 101196992?
True
Is 167 a factor of 5104204621?
False
Does 4 divide 169463217?
False
Does 15 divide 182022435?
True
Does 83 divide 277412941?
False
Does 344 divide 48619928?
True
Is 5 a factor of 211631043?
False
Is 6 a factor of 6979848?
True
Is 132 a factor of 49757136?
True
Is 38 a factor of 11669102?
False
Does 1103 divide 31926335?
True
Is 882920326 a multiple of 10?
False
Is 2512033678 a multiple of 1162?
True
Is 18 a factor of 90538470?
True
Is 86 a factor of 9169320?
True
Does 6 divide 201920148?
True
Is 29 a factor of 14009994?
False
Is 18869582 a multiple of 61?
False
Does 102 divide 154754298?
True
Is 17 a factor of 32238202?
False
Does 17 divide 14073518?
True
Is 201409055 a multiple of 4?
False
Is 2 a factor of 180508174?
True
Is 41 a factor of 37437731?
False
Does 38 divide 84620865?
False
Is 135006749 a multiple of 5068?
False
Is 900 a factor of 516386058?
False
Is 1516250224 a multiple of 72?
False
Does 244 divide 576430187?
False
Does 29 divide 45170786?
False
Is 163504679 a multiple of 41?
True
Does 7 divide 260849092?
True
Is 14 a factor of 5317814?
False
Does 147 divide 11830413?
True
Does 6 divide 17834358?
True
Is 3395174 a multiple of 30?
False
Is 1826 a factor of 70987576?
True
Is 84 a factor of 422167788?
True
Does 14448 divide 2647374831?
False
Does 24 divide 180101880?
True
Is 640 a factor of 47280000?
True
Is 36 a factor of 28408216?
False
Does 16 divide 53322924?
False
Does 415 divide 884698660?
True
Is 184962941 a multiple of 125?
False
Is 17 a factor of 875051114?
False
Is 2526 a factor of 2703969330?
True
Is 1032 a factor of 278601901?
False
Is 101 a factor of 14243828?
True
Is 5351833728 a multiple of 18?
True
Is 177 a factor of 598745387?
False
Does 7 divide 118944119?
True
Is 38 a factor of 63771600?
True
Is 107 a factor of 696229041?
False
Is 5 a factor of 287147930?
True
Is 920624833 a multiple of 4?
False
Is 46375746 a multiple of 6?
True
Does 784 divide 32635568?
True
Does 152 divide 50945162?
False
Is 896634097 a multiple of 3024?
False
Does 1433 divide 278668199?
False
Is 437478300 a multiple of 70?
True
Is 32 a factor of 28072256?
True
Is 46725163 a multiple of 22?
False
Is 77160492 a multiple of 108?
True
Is 1847822 a multiple of 58?
True
Does 3 divide 93177557?
False
Does 15 divide 188373210?
True
Is 2493 a factor of 1737793017?
True
Is 7704071 a multiple of 90?
False
Is 15 a factor of 10298836?
False
Does 106 divide 12674704?
False
Is 1839180695 a multiple of 11?
True
Does 1390 divide 45036000?
True
Is 11846340 a multiple of 682?
True
Is 81899454 a multiple of 13?
True
Is 104401597 a multiple of 4?
False
Does 335 divide 613542785?
True
Is 30 a factor of 326282100?
True
Is 718 a factor of 2507238768?
True
Does 43 divide 8930627?
True
Is 17 a factor of 823140?
True
Does 30 divide 156083790?
True
Is 574 a factor of 33542838?
True
Is 5295507 a multiple of